Is 6556 a multiple of 12?
False
Does 71 divide 55580?
False
Is 46344 a multiple of 24?
True
Does 24 divide 17088?
True
Does 12 divide 3819?
False
Does 6 divide 186?
True
Is 3 a factor of 245?
False
Is 504 a multiple of 63?
True
Is 794 a multiple of 5?
False
Is 12 a factor of 2705?
False
Does 15 divide 3306?
False
Is 43 a factor of 14351?
False
Does 13 divide 286?
True
Is 6 a factor of 18?
True
Is 61 a factor of 47519?
True
Does 8 divide 10168?
True
Is 183 a multiple of 2?
False
Is 79 a factor of 26396?
False
Is 2 a factor of 201?
False
Is 45 a factor of 15930?
True
Does 9 divide 1278?
True
Is 72565 a multiple of 23?
True
Is 51018 a multiple of 22?
True
Does 9 divide 279?
True
Is 36 a factor of 222?
False
Does 9 divide 11012?
False
Is 60100 a multiple of 25?
True
Does 3 divide 36?
True
Is 7501 a multiple of 6?
False
Is 20 a factor of 1260?
True
Does 8 divide 8304?
True
Does 12 divide 1308?
True
Is 11 a factor of 1752?
False
Is 20 a factor of 261?
False
Is 3116 a multiple of 71?
False
Is 4202 even?
True
Is 5 a factor of 2713?
False
Is 25 a factor of 475?
True
Is 8 a factor of 136?
True
Is 18 a factor of 452?
False
Is 3 a factor of 59?
False
Is 308 a multiple of 28?
True
Is 1720 a multiple of 29?
False
Does 21 divide 9764?
False
Is 2000 a multiple of 20?
True
Is 1199 a multiple of 44?
False
Does 28 divide 645?
False
Does 2 divide 6503?
False
Does 62 divide 8773?
False
Is 71 a multiple of 17?
False
Is 11 a factor of 5676?
True
Is 7 a factor of 254?
False
Does 44 divide 88?
True
Is 50461 a multiple of 34?
False
Is 8 a factor of 4720?
True
Is 229 a multiple of 87?
False
Is 19 a multiple of 19?
True
Is 56 a factor of 32672?
False
Is 1700 a multiple of 10?
True
Is 154340 a multiple of 207?
False
Is 71 a factor of 11857?
True
Is 798 a multiple of 55?
False
Does 3 divide 12?
True
Is 2241 a multiple of 31?
False
Is 6 a factor of 23623?
False
Is 23 a factor of 440?
False
Does 8 divide 2863?
False
Is 58252 a multiple of 19?
False
Is 50 even?
True
Is 2977 a multiple of 20?
False
Is 18081 a multiple of 41?
True
Is 14 a factor of 52892?
True
Is 120 a factor of 1549?
False
Is 25020 a multiple of 60?
True
Is 5415 a multiple of 15?
True
Does 18 divide 2916?
True
Is 2580 a multiple of 30?
True
Is 22 a factor of 594?
True
Is 17 a factor of 101?
False
Does 8 divide 1214?
False
Is 24 a factor of 430?
False
Is 1996 a multiple of 15?
False
Does 30 divide 11670?
True
Does 29 divide 3096?
False
Is 14 a factor of 5796?
True
Is 248 a multiple of 31?
True
Is 49 a multiple of 49?
True
Is 21 a factor of 10227?
True
Does 14 divide 1666?
True
Is 65 a factor of 74360?
True
Does 80 divide 2960?
True
Does 96 divide 876?
False
Is 20 a factor of 1290?
False
Is 400 a multiple of 16?
True
Is 105 a factor of 2205?
True
Is 152 a factor of 10944?
True
Does 66 divide 9306?
True
Is 4 a factor of 60?
True
Is 51 a factor of 2958?
True
Is 1715 a multiple of 49?
True
Is 14 a factor of 616?
True
Is 37124 a multiple of 349?
False
Is 28 a multiple of 27?
False
Is 346 a factor of 127077?
False
Is 37 a factor of 458?
False
Does 17 divide 531?
False
Is 29 a factor of 789?
False
Is 19 a factor of 5275?
False
Is 476 a multiple of 9?
False
Does 16 divide 1107?
False
Is 8 a factor of 601?
False
Is 14357 a multiple of 150?
False
Is 285 a multiple of 19?
True
Is 244 a multiple of 7?
False
Does 25 divide 19373?
False
Is 30 a factor of 870?
True
Is 1080 a multiple of 120?
True
Is 9604 a multiple of 196?
True
Is 1313 a multiple of 101?
True
Is 90 a factor of 1440?
True
Is 20 a factor of 13376?
False
Is 101 a factor of 29896?
True
Does 3 divide 258?
True
Does 9 divide 335?
False
Is 20 a factor of 422?
False
Does 13 divide 13169?
True
Does 26 divide 8814?
True
Is 23 a factor of 476?
False
Does 34 divide 646?
True
Is 113 a factor of 91417?
True
Does 53 divide 64439?
False
Is 45 a factor of 1591?
False
Is 12441 a multiple of 33?
True
Is 218 a multiple of 8?
False
Is 7920 a multiple of 10?
True
Is 564 a multiple of 9?
False
Is 100 a factor of 69000?
True
Does 16 divide 46960?
True
Does 6 divide 7524?
True
Does 6 divide 279?
False
Is 4036 a multiple of 20?
False
Is 31090 a multiple of 120?
False
Is 81450 a multiple of 90?
True
Is 116 a factor of 10324?
True
Is 46 a factor of 5813?
False
Does 11 divide 838?
False
Is 38 a factor of 576?
False
Is 194 a factor of 18430?
True
Is 35 a multiple of 5?
True
Is 5323 a multiple of 46?
False
Does 5 divide 1663?
False
Is 1470 a multiple of 42?
True
Does 5 divide 13512?
False
Is 5 a factor of 393?
False
Does 59 divide 20948?
False
Is 207 a multiple of 3?
True
Does 6 divide 137?
False
Is 3816 a multiple of 24?
True
Does 42 divide 17556?
True
Is 15 a factor of 1275?
True
Does 66 divide 462?
True
Is 14798 a multiple of 151?
True
Does 24 divide 1536?
True
Does 201 divide 19852?
False
Does 198 divide 15930?
False
Does 79 divide 12324?
True
Does 38 divide 81164?
False
Does 22 divide 78738?
True
Is 210 a factor of 30030?
True
Does 17 divide 4029?
True
Does 120 divide 33388?
False
Does 12 divide 263?
False
Does 54 divide 23824?
False
Is 3720 a multiple of 62?
True
Is 13733 a multiple of 55?
False
Does 36 divide 31824?
True
Is 11 a factor of 59008?
False
Is 11 a factor of 1584?
True
Is 11286 a multiple of 67?
False
Is 3854 a multiple of 82?
True
Is 51 a factor of 158?
False
Is 18057 a multiple of 13?
True
Is 31 a factor of 30969?
True
Is 9 a factor of 17613?
True
Does 19 divide 76?
True
Is 12 a factor of 781?
False
Does 15 divide 645?
True
Does 14 divide 1154?
False
Is 1097 a multiple of 4?
False
Does 76 divide 575?
False
Is 17108 a multiple of 188?
True
Is 18 a factor of 1170?
True
Is 303 even?
False
Is 26999 a multiple of 56?
False
Is 1727 a multiple of 7?
False
Does 47 divide 658?
True
Is 199 a factor of 26524?
False
Is 15 a factor of 9184?
False
Is 910 a multiple of 42?
False
Is 748 a multiple of 68?
True
Is 38 a factor of 4712?
True
Does 11 divide 704?
True
Is 16 even?
True
Is 22 a factor of 1474?
True
Is 11583 a multiple of 39?
True
Is 833 a multiple of 49?
True
Is 1526 a multiple of 19?
False
Does 10 divide 4903?
False
Does 6 divide 528?
True
Is 352 a multiple of 61?
False
Is 646 a multiple of 60?
False
Does 13 divide 429?
True
Is 172 a factor of 25912?
False
Is 355 a multiple of 21?
False
Does 49 divide 19894?
True
Is 77 a factor of 59915?
False
Is 29788 a multiple of 173?
False
Is 182 a factor of 122486?
True
Does 18 divide 1215?
False
Is 33 a factor of 33?
True
Does 23 divide 12121?
True
Does 44 divide 1963?
False
Does 8 divide 589?
False
Is 54 a factor of 4698?
True
Is 7488 a multiple of 26?
True
Is 14511 a multiple of 25?
False
Is 860 a multiple of 26?
False
Is 1540 a multiple of 35?
True
Is 869 even?
False
Is 19 a factor of 7568?
False
Is 8987 a multiple of 249?
False
Does 7 divide 242?
False
Is 180 a factor of 53181?
False
Is 3867 a multiple of 7?
False
Is 34 a factor of 668?
False
Does 17 divide 9333?
True
Is 18 a factor of 80672?
False
Does 104 divide 4761?
False
Is 4604 a multiple of 6?
False
Is 26784 a multiple of 62?
True
Does 174 divide 348?
True
Is 18 a factor of 3956?
False
Is 1156 a multiple of 34?
True
Does 217 divide 62921?
False
Does 89 divide 14870?
False
Does 15 divide 856?
False
Does 32 divide 736?
True
Is 1012 a multiple of 11?
True
Is 7 a factor of 1484?
True
Does 3 divide 134?
False
Is 408 a multiple of 17?
True
Does 18 divide 4806?
True
Is 1452 even?
True
Does 186 divide 77004?
True
Does 11 divide 23749?
True
Is 42 a factor of 1939?
False
Is 1152 a multiple of 36?
True
Is 17 a factor of 1394?
True
Is 74 a multiple of 7?
False
Does 5 divide 34?
False
Does 18 divide 542?
False
Does 65 divide 1655?
False
Is 52 a multiple of 52?
True
Is 100 a factor of 983?
False
Does 4 divide 474?
False
Is 19 a factor of 10572?
False
Does 34 divide 646?
True
Does 30 divide 3720?
True
Is 1719 a multiple of 3?
True
Is 6298 a multiple of 94?
True
Is 10601 a multiple of 15?
False
Is 754 a multiple of 13?
True
Is 1860 a multiple of 35?
False
Is 33264 a multiple of 18?
True
Is 563 even?
False
Is 14191 a multiple of 22?
False
Is 42 a factor of 15834?
True
Does 15 divide 1680?
True
Is 48 a factor of 717?
False
Does 16 divide 11372?
False
Is 10 a factor of 60?
True
Is 5880 a multiple of 15?
True
Is 10 a factor of 6988?
False
Is 69 a factor of 2028?
False
Is 25678 a multiple of